t is the remainder when 87 is divided by 22?
21
What is the remainder when 1406 is divided by 241?
201
Calculate the remainder when 270 is divided by 188.
82
Calculate the remainder when 360 is divided by 328.
32
What is the remainder when 894 is divided by 3?
0
Calculate the remainder when 1108 is divided by 111.
109
What is the remainder when 87 is divided by 19?
11
Calculate the remainder when 433 is divided by 105.
13
What is the remainder when 224 is divided by 25?
24
Calculate the remainder when 376 is divided by 27.
25
Calculate the remainder when 49 is divided by 5.
4
What is the remainder when 4734 is divided by 11?
4
What is the remainder when 154 is divided by 21?
7
What is the remainder when 249 is divided by 92?
65
Calculate the remainder when 478 is divided by 32.
30
What is the remainder when 56 is divided by 37?
19
What is the remainder when 6016 is divided by 3005?
6
What is the remainder when 530 is divided by 382?
148
Calculate the remainder when 1449 is divided by 256.
169
What is the remainder when 443 is divided by 10?
3
Calculate the remainder when 2435 is divided by 106.
103
What is the remainder when 324 is divided by 7?
2
Calculate the remainder when 22 is divided by 12.
10
What is the remainder when 195 is divided by 64?
3
What is the remainder when 217 is divided by 67?
16
What is the remainder when 132 is divided by 131?
1
Calculate the remainder when 238 is divided by 78.
4
Calculate the remainder when 1084 is divided by 353.
25
Calculate the remainder when 1449 is divided by 358.
17
Calculate the remainder when 328 is divided by 112.
104
What is the remainder when 41 is divided by 31?
10
Calculate the remainder when 4202 is divided by 29.
26
Calculate the remainder when 49 is divided by 24.
1
What is the remainder when 635 is divided by 71?
67
Calculate the remainder when 488 is divided by 98.
96
Calculate the remainder when 29053 is divided by 227.
224
Calculate the remainder when 857 is divided by 83.
27
Calculate the remainder when 3194 is divided by 15.
14
Calculate the remainder when 78 is divided by 33.
12
What is the remainder when 15339 is divided by 21?
9
Calculate the remainder when 114 is divided by 29.
27
What is the remainder when 203 is divided by 34?
33
Calculate the remainder when 712 is divided by 205.
97
Calculate the remainder when 359 is divided by 24.
23
What is the remainder when 100 is divided by 24?
4
What is the remainder when 234 is divided by 61?
51
What is the remainder when 4477 is divided by 109?
8
What is the remainder when 308 is divided by 52?
48
What is the remainder when 672 is divided by 166?
8
What is the remainder when 1847 is divided by 7?
6
What is the remainder when 212 is divided by 164?
48
What is the remainder when 86 is divided by 15?
11
Calculate the remainder when 200 is divided by 16.
8
What is the remainder when 4452 is divided by 135?
132
Calculate the remainder when 337 is divided by 112.
1
What is the remainder when 3247 is divided by 125?
122
Calculate the remainder when 49 is divided by 33.
16
Calculate the remainder when 57 is divided by 36.
21
Calculate the remainder when 4260 is divided by 18.
12
What is the remainder when 7418 is divided by 28?
26
Calculate the remainder when 163 is divided by 11.
9
What is the remainder when 1706 is divided by 30?
26
Calculate the remainder when 286 is divided by 58.
54
What is the remainder when 353 is divided by 87?
5
What is the remainder when 165 is divided by 29?
20
What is the remainder when 82 is divided by 31?
20
Calculate the remainder when 481 is divided by 237.
7
Calculate the remainder when 719 is divided by 20.
19
What is the remainder when 133 is divided by 49?
35
Calculate the remainder when 1510 is divided by 105.
40
Calculate the remainder when 15 is divided by 8.
7
What is the remainder when 2494 is divided by 64?
62
Calculate the remainder when 333 is divided by 19.
10
Calculate the remainder when 986 is divided by 166.
156
What is the remainder when 18 is divided by 4?
2
What is the remainder when 825 is divided by 230?
135
What is the remainder when 191 is divided by 84?
23
What is the remainder when 2377 is divided by 61?
59
What is the remainder when 1456 is divided by 5?
1
What is the remainder when 102 is divided by 8?
6
What is the remainder when 366 is divided by 23?
21
What is the remainder when 327 is divided by 66?
63
What is the remainder when 836 is divided by 93?
92
Calculate the remainder when 1194 is divided by 392.
18
What is the remainder when 3601 is divided by 511?
24
Calculate the remainder when 4367 is divided by 218.
7
What is the remainder when 1683 is divided by 54?
9
What is the remainder when 3084 is divided by 13?
3
Calculate the remainder when 100 is divided by 26.
22
What is the remainder when 543 is divided by 177?
12
Calculate the remainder when 3196 is divided by 78.
76
What is the remainder when 2447 is divided by 17?
16
Calculate the remainder when 197 is divided by 67.
63
What is the remainder when 1560 is divided by 316?
296
What is the remainder when 15 is divided by 7?
1
What is the remainder when 762 is divided by 732?
30
Calculate the remainder when 692 is divided by 62.
10
Calculate the remainder when 3814 is divided by 36.
34
What is the remainder when 73 is divided by 36?
1
What is the remainder when 50 is divided by 6?
2
Calculate the remainder when 2719 is divided by 44.
35
What is the remainder when 204 is divided by 14?
8
What is the remainder when 2166 is divided by 1079?
8
What is the remainder when 65 is divided by 14?
9
What is the remainder when 320 is divided by 19?
16
Calculate the remainder when 176 is divided by 52.
20
What is the remainder when 3977 is divided by 56?
1
Calculate the remainder when 13 is divided by 4.
1
What is the remainder when 754 is divided by 54?
52
Calculate the remainder when 1439 is divided by 120.
119
Calculate the remainder when 863 is divided by 54.
53
Calculate the remainder when 71 is divided by 54.
17
Calculate the remainder when 849 is divided by 830.
19
Calculate the remainder when 61 is divided by 35.
26
What is the remainder when 209 is divided by 101?
7
Calculate the remainder when 4942 is divided by 215.
212
What is the remainder when 28379 is divided by 132?
131
Calculate the remainder when 13 is divided by 6.
1
What is the remainder when 223 is divided by 5?
3
What is the remainder when 337 is divided by 29?
18
What is the remainder when 48 is divided by 29?
19
What is the remainder when 35 is divided by 11?
2
Calculate the remainder when 108 is divided by 26.
4
Calculate the remainder when 572 is divided by 117.
104
Calculate the remainder when 341 is divided by 57.
56
Calculate the remainder when 90 is divided by 13.
12
What is the remainder when 577 is divided by 28?
17
Calculate the remainder when 1079 is divided by 45.
44
Calculate the remainder when 43821 is divided by 264.
261
Calculate the remainder when 50 is divided by 7.
1
What is the remainder when 317 is divided by 107?
103
Calculate the remainder when 626 is divided by 128.
114
What is the remainder when 1155 is divided by 162?
21
Calculate the remainder when 297 is divided by 18.
9
What is the remainder when 4683 is divided by 66?
63
What is the remainder when 6319 is divided by 79?
78
Calculate the remainder when 145 is divided by 43.
16
What is the remainder when 10436 is divided by 3?
2
Calculate the remainder when 56 is divided by 41.
15
What is the remainder when 318 is divided by 30?
18
Calculate the remainder when 269 is divided by 42.
17
Calculate the remainder when 2322 is divided by 107.
75
Calculate the remainder when 411 is divided by 23.
20
What is the remainder when 93 is divided by 88?
5
Calculate the remainder when 56 is divided by 45.
11
What is the remainder when 220 is divided by 165?
55
Calculate the remainder when 151 is divided by 27.
16
What is the remainder when 1649 is divided by 75?
74
What is the remainder when 214 is divided by 43?
42
What is the remainder when 963 is divided by 199?
167
Calculate the remainder when 878 is divided by 179.
162
What is the remainder when 26 is divided by 16?
10
Calculate the remainder when 304 is divided by 97.
13
What is the remainder when 39 is divided by 8?
7
What is the remain